 Let x be n/6*240/(-18). Calculate the greatest common divisor of x and 100.
20
Let l be 4403/49 + (-1)/(-7). What is the greatest common divisor of l and 20?
10
Let s(x) = -17*x - 1. Let c = -14 - -6. Let p be s(c). Calculate the greatest common divisor of p and 27.
27
Suppose 5*j - 12 = -j. Let l be (3 - j)*115/5. What is the highest common factor of 161 and l?
23
Let r = 3860 + -3704. Let l = -2 - -28. Calculate the greatest common factor of r and l.
26
Let t(g) = g**2 - 3*g - 8. Let j be t(6). Let f be 88 - (2 - (-4 - -8)). What is the greatest common divisor of j and f?
10
Let w(m) be the third derivative of -m**6/60 - m**5/15 + m**4/6 - m**3/3 + 25*m**2. Let t be w(-5). What is the highest common divisor of t and 16?
16
Let y(o) = 18*o + 3. Let n be y(-2). Let p be 8*(n/(-6) + -1). What is the highest common divisor of 4 and p?
4
Let w be ((-468)/(-21))/(3/56). Calculate the greatest common factor of 52 and w.
52
Let x(z) = 21*z**2 - 14*z + 18. Let i(p) = -10*p**2 + 7*p - 9. Let g(j) = -5*i(j) - 2*x(j). Let n be g(2). What is the highest common divisor of n and 18?
9
Suppose 0 = 30*q - 595 - 95. Calculate the highest common factor of 874 and q.
23
Suppose 5*n - 44 = 3*n. Suppose -4*s + 3*s + 4 = 0. Suppose 3*i + 29 = 6*i - 2*k, -3*i + 41 = s*k. Calculate the highest common factor of n and i.
11
Let j be (-1142)/(-8) + 2/8. Let l(t) = t + 9. Let a be l(0). Suppose k - 22 = -a. Calculate the highest common divisor of j and k.
13
Suppose -38*u = -1471 - 657. Let x = 5 + 0. Suppose k - 27 = -3*p, -x*k = 4*p - 68 - u. What is the highest common factor of k and 16?
8
Suppose 5*k - 21 + 16 = 0. Let d be 9/(k/(-3) + 22/12). Calculate the highest common divisor of d and 9.
3
Let c(h) = h**3 - 18*h**2 + 7*h - 71. Let o be c(18). What is the highest common divisor of 44 and o?
11
Suppose -5*h = -10*h + 665. Let b = h - 69. What is the highest common divisor of 8 and b?
8
Suppose 59 = 4*g + 11. Let m = -17 + g. Let p = m + 23. Calculate the greatest common divisor of p and 198.
18
Let v = 57 + -42. Let l be (7/(-3))/((-2)/6). Let z(c) = c**3 - 5*c**2 + 11*c - 10. Let j be z(l). What is the greatest common factor of v and j?
15
Suppose 26 = 2*h - 4*w, 0 = -5*h - 4*w - 3 + 12. Suppose -4*o + 4*k - 30 + 94 = 0, k - 86 = -h*o. Calculate the greatest common factor of o and 153.
17
Suppose 2*z = z, 0 = -5*l - 5*z + 20. Suppose 102 + 42 = l*b. Let k(y) = y**2 + 10*y + 33. Let m be k(-9). Calculate the greatest common factor of b and m.
12
Let b be (13/2)/((-4)/(-88)). Let g(c) = -2*c + 1. Suppose 3*s + 43 = -5*k, -2*s - 4*k = 3*s + 50. Let y be g(s). What is the highest common divisor of y and b?
13
Let x = 1059 + -1029. Calculate the highest common divisor of 555 and x.
15
Let w = -483 + 488. Calculate the greatest common factor of w and 160.
5
Let i = 243 - 148. Suppose -i = -4*a + 265. What is the highest common divisor of 36 and a?
18
Let b be (-2 + (-4)/(-1))*-1. Let y be b*(4*-2 + -2). What is the greatest common divisor of 20 and y?
20
Let i(m) = 3*m**3 - 70*m**2 + 36*m - 51. Let x be i(23). Calculate the greatest common divisor of x and 8.
8
Let a be (-2)/(-3)*((-7)/2 + -4). Let i be a/((-25)/(-20)) + 46. Calculate the greatest common factor of 28 and i.
14
Let a(q) be the second derivative of q**5/20 - q**3/6 + q. Let x be a(-3). Let m = x + 35. Calculate the greatest common factor of 110 and m.
11
Let x be ((-1520)/(-456))/(2/3). Calculate the highest common factor of 155 and x.
5
Let a(p) = 98*p - 554. Let d be a(6). Let v be (-10)/(-3)*102/4. What is the greatest common factor of d and v?
17
Let b be (-264)/60 + 4 - 1084/(-10). What is the highest common divisor of 1404 and b?
108
Let y(i) = -i**3 - 5*i**2 + 4*i - 8. Let f be y(-6). Let c = 0 + f. Suppose -2*x = c - 40. Calculate the highest common divisor of x and 18.
18
Let y = -115 - -126. Let l = 5 - 4. What is the highest common factor of l and y?
1
Let h be (-60)/(-210) + 131/7. Suppose 5*p - 107 = 4*c - 30, 0 = p - 2*c - h. Let v be (-856)/(-6) - 2/(-6). Calculate the highest common factor of v and p.
13
Suppose 10 + 15 = 4*z + n, 4*z + 3*n - 19 = 0. Let s be (2 - 5) + -3 + 1. Let u = 40 + s. What is the highest common factor of z and u?
7
Let n(k) = -2*k**3 - 5*k**2 + k - 10. Let i be n(-4). Calculate the highest common divisor of 2 and i.
2
Let x = -40 + 9. Let a = -8 - x. Let w(r) = -2*r**3 + 3*r**2 + 4*r + 3. Let u be w(-2). What is the greatest common divisor of a and u?
23
Let y = -1557 - -2228. What is the highest common divisor of 61 and y?
61
Suppose -5*m - 170 = -p, 3*m = -2*p + 8*m + 330. Calculate the highest common factor of 60 and p.
20
Suppose 3*r + 3*i = 6*i + 3837, 3*r + 5*i = 3805. What is the greatest common factor of 50 and r?
25
Suppose 5*q + 65 = 4*x + x, -2*q - 58 = -4*x. Let t = -349 + 493. What is the greatest common factor of t and x?
16
Let a(k) = 2*k - 3. Let w be a(4). Suppose -3 = 5*y - u - 37, -3*y - w*u = -26. What is the greatest common divisor of y and 133?
7
Suppose 2*r + 184 = 4*r. Let l be (-6)/(-12)*(-12)/9*-69. Calculate the greatest common factor of l and r.
46
Let k = 1927 + -1333. What is the highest common divisor of 495 and k?
99
Let d(q) = -q**2 + 20*q + 71. Let m be d(22). Calculate the greatest common divisor of 459 and m.
27
Suppose 10 = -z - 5*b, -b + 4 = z + 2. Let t(y) = y**3 - 5*y**2 + 1. Let i be t(z). Suppose -123*f - 16 = -127*f. What is the highest common divisor of i and f?
1
Let q = 266 - 173. Let a = q - 41. Suppose -a = -3*y - 2*k, 4*y + 2*k - 68 = -0*y. Calculate the greatest common factor of y and 4.
4
Suppose 6*m - 31 = 11. Let a = -13 + m. Let f = a + 30. What is the greatest common factor of f and 12?
12
Let g be 3 - (0 + 0 + 1). Suppose b - 9 = -g*b. Let s = 24 + b. What is the greatest common factor of 27 and s?
27
Suppose -x - 3*x - 2*j + 136 = 0, 2*j = -5*x + 171. Suppose -3*u - 43 = -4*c, 4*c - 2*c + 3*u + 1 = 0. What is the greatest common factor of c and x?
7
Let j = 1039 + -967. Let i(c) = c**3 + 7*c**2 + 6*c + 8. Let d be i(-6). Calculate the highest common divisor of j and d.
8
Suppose -6*j + 39 + 27 = 0. Let n(w) = -w**2 + 12*w + 24. Let y be n(j). What is the greatest common factor of 140 and y?
35
Let v(w) = 74*w + 252. Let y be v(-3). Calculate the greatest common divisor of y and 105.
15
Let d(f) = 37*f**2 - 110*f. Let b be d(3). Calculate the highest common divisor of b and 13.
1
Suppose 0 = -19*z + 17*z + 6. Suppose -m + z = 5*w, 4*m = -w + 4*w + 81. What is the highest common factor of 72 and m?
18
Let v be 1328/10 + -1*(-24)/(-30). Calculate the greatest common divisor of v and 6.
6
Let c be (20/(-16))/((-1)/12). Let d = 21 - 36. Let f = 0 - d. Calculate the greatest common divisor of f and c.
15
Let o = 132 + 78. Suppose m = -m + o. Let g be 2*2*(-21)/(-4). What is the greatest common divisor of m and g?
21
Let f(g) = -3*g + 2. Let m be f(-2). Let s be m/10 - (-56)/5. Calculate the greatest common factor of s and 36.
12
Suppose 2*s = 4*b - 259 + 73, -2*b = 2*s - 84. Let d = 12 - 18. Let k be 18/(-5)*15/d. What is the highest common factor of k and b?
9
Let i(c) = -c**2 + 5*c + 65. Let u be i(0). What is the greatest common divisor of 26 and u?
13
Let d = -1523 + 1529. Let x(w) = -w**2 + 10*w - 3. Let h be x(7). Calculate the highest common divisor of d and h.
6
Let z = 7 + 0. Suppose 6 = 44*w - 41*w. Suppose 2*b - 7 = l, 0*l - w*l + 3*b - 10 = 0. What is the highest common factor of z and l?
1
Let c(n) = 5*n - 30. Let o be c(-9). Let s = 130 + o. What is the highest common divisor of s and 22?
11
Let v = -2596 + 4496. Calculate the highest common divisor of v and 50.
50
Let n = 18 - 8. Suppose 0 = -n*j + 13*j - 153. Calculate the greatest common divisor of j and 68.
17
Let p be -12*(2 + (-8 - -1)). Suppose 2*o = -0*o. Suppose 2*j + o*j - 48 = 0. What is the greatest common factor of p and j?
12
Let k(j) = -3*j - 1. Let p be k(-3). Suppose u = -10*m + 5*m + 22, u - 5*m - 2 = 0. Calculate the highest common divisor of u and p.
4
Let b = 0 - -5. Let l(d) = -18*d + 7. Let r be l(-7). Suppose -f - b = -r. What is the greatest common divisor of 16 and f?
16
Suppose -124 = -0*g - g - 5*f, -25 = -5*f. What is the greatest common divisor of 18 and g?
9
Let k be 632/72 - (-8)/36. What is the highest common fa